Let q(f) = 40*f - 7. What is the units digit of q(n)?
3
Let q be 4 - (4 + -9 + 2). Let i = 34 - q. What is the units digit of i?
7
Let d(s) be the second derivative of -s**4/12 - 2*s**3/3 + 7*s**2/2 - 10*s. What is the units digit of d(-5)?
2
Let n be -4*(-20)/(-48)*-3. Suppose -6 - 19 = -n*h. Let z = h + 6. What is the units digit of z?
1
Let s = 2510 - 946. What is the thousands digit of s?
1
Let v = 20 - 16. Suppose -v*f + 6*f = 56. What is the tens digit of f?
2
Let a(t) = t**2 - 14*t + 11. Let p(i) = -66*i - 1 + 34*i + 31*i. Let u(s) = -a(s) - 3*p(s). What is the units digit of u(12)?
2
Suppose -1139 = -3*f + 4*k, 0 = 60*f - 61*f + 2*k + 383. What is the hundreds digit of f?
3
Let h be (-70)/21*-3*1. What is the units digit of (-52)/h*(-10)/4?
3
Let l(p) = 9*p**3 + p - 7. What is the units digit of l(2)?
7
Let x = 185 + -121. What is the units digit of x?
4
Let g be (12/15)/(1*4/10). Suppose g*w - 31 - 201 = -2*z, -z + 4*w + 111 = 0. What is the tens digit of z?
1
Let m(s) = s**3 - 2*s**2 - 2*s + 4. Let i be m(3). Suppose i*d = -0*d + 1659. What is the hundreds digit of d?
2
Let j(b) = b**2 + 2*b + 5. Let o be j(-2). Suppose -68 - 98 = -q + 2*u, -o*q - 3*u + 804 = 0. What is the tens digit of q?
6
Suppose -5*c = -46*c + 71545. What is the tens digit of c?
4
Let y(w) = 104*w**2 - 40*w - 11. What is the tens digit of y(5)?
8
Let l = 18 - 18. Suppose l = 4*o + b - 31, 3*o - 19 = -0*o - 5*b. What is the units digit of o?
8
Suppose 0*f = 2*f - 448. Suppose -10*y + f = 34. What is the tens digit of y?
1
Let p be (-646)/(-5) - 32/(-40). Suppose -8*i = -13*i - p. What is the units digit of i/13 - (-1 + -60)?
9
Suppose 3464 = 9*u - 2350. What is the tens digit of u?
4
Let d(g) = -17*g - 2. Suppose 0 = 3*f + 2*c - 4 + 22, 0 = 3*c. What is the hundreds digit of d(f)?
1
Suppose -g = -1953 + 144. What is the tens digit of g?
0
Let c(g) = 25*g**2 + 3*g + 10. Let q be c(-3). Suppose 0 = 2*y + 86 - q. What is the tens digit of y?
7
Suppose 27*d = 24*d + 510. Suppose 0 = -y - w - w + 87, -2*y - 3*w = -d. What is the units digit of y?
9
Let x = -6596 - -11507. What is the thousands digit of x?
4
Suppose 2*h - h = y - 1, -3*y = 5*h - 19. Suppose 0 = -4*z - f + 10 - y, 1 = z + f. Suppose s + 15 = z*s. What is the tens digit of s?
1
Suppose 945 = 9*f - 4*f. Let b = f + -132. What is the units digit of b?
7
Suppose 0 = -v - 4. Let y be (8/16)/((-1)/v). Suppose 21 = 3*n - p, -3*p - 18 = -y*n - p. What is the units digit of n?
6
Let y = -4 + 4. Suppose -m - 1107 = -4*i, -4*i - m + 0*m + 1109 = y. What is the tens digit of i?
7
Let o be (-20)/8 - (-6036)/24. Let r(n) = 89*n. Let a be r(2). Let p = o - a. What is the tens digit of p?
7
Let j(l) = 5*l**3 + 2*l + 1. Let r be j(-1). Let f be (-32)/r*3*1. Let m = f - 8. What is the units digit of m?
8
Let a(v) = -5*v**3 - 2*v**2 - 22*v + 2. What is the hundreds digit of a(-7)?
7
Suppose q - 6 = -3, -4*i + q - 379 = 0. Let a = i + 238. What is the tens digit of a?
4
Suppose -843 + 168 = -9*p. What is the tens digit of p?
7
What is the thousands digit of 1 + (-2 - (-5 - -7)) - -3180?
3
Let r(a) = 35*a**2 + a + 2. Let y be r(-2). Suppose -c = 4*c - y. What is the units digit of 3 + 1 - c*-1?
2
Let g be (-890)/(-20)*(-1 + -1). Let f = 135 + g. What is the tens digit of f?
4
Let p(h) = h**2 + 27*h + 23. Let y(o) = o. Let f(u) = -p(u) + 5*y(u). Let n be f(-17). Suppose -11*l + n = -9*l. What is the tens digit of l?
3
Let z = -56 + 472. Let y = z + -223. What is the units digit of y?
3
Suppose d + 504 = 2*t, 5*t - 1260 = -3*d - 2*d. What is the tens digit of t?
5
Let q(w) = w**3 + 21*w**2 - 10*w - 24. What is the thousands digit of q(-16)?
1
Let t(z) = -742*z**2 - 5*z - 2. Let u be t(-2). What is the tens digit of (-2)/9 + (u/(-36) - 2)?
8
Let u(k) = 11*k + 7*k**2 - 6*k - 9*k - 570 + 574. Let g(i) = -i + 2. Let q be g(0). What is the units digit of u(q)?
4
Let s(m) = -33*m + 3. Let q be s(-2). Suppose q = -10*c + 11*c. What is the tens digit of c?
6
Suppose 0 = -5*j - 16*j + 6594. What is the units digit of j?
4
Suppose 0 = -x - 2*x. Let i = -8 + 10. Suppose x = -n - i*n + 66. What is the tens digit of n?
2
Let r be (-2 + 1)/((-2)/4). Suppose -2*i + 4 = 0, 0 = 4*f + 6*i - i - 30. Suppose r*u + 6 = f*u. What is the units digit of u?
2
Suppose 8*c - 5*c - 18 = 0. Suppose c*w = 606 - 228. What is the units digit of w?
3
Suppose 0 = 2*z + 3*w + 3, z + 2*w + 3 - 4 = 0. Let c be z/6 - 25/10. Let k(s) = s**3 + 6*s**2 + 6*s + 9. What is the tens digit of k(c)?
1
Let u(z) = -z**3 - 3*z**2 + 3. Let v be u(-2). What is the tens digit of 5/v + 3 - -55?
5
What is the units digit of (-10*(-48)/(-30))/((-2)/452)?
6
Let a = 654 - 122. What is the tens digit of a?
3
Suppose 0 = -10*v - 0*v + 5190. Let b = -368 + v. What is the tens digit of b?
5
Let y be (-8)/(3 - 7)*2. Suppose 3*l + 34 = 8*l + y*c, -2*c = 3*l - 20. Let b(m) = 3*m - 4. What is the tens digit of b(l)?
1
Let q be -951*((-3)/5 - 42/(-45)). Let v = -72 - q. What is the tens digit of v?
4
Suppose 25*p - 58162 = -p. What is the thousands digit of p?
2
Suppose 5*q - 4*q + 1 = d, 4*q - 16 = 0. Suppose 0*g + 25 = d*g, 0 = -5*h + g - 70. Let p = h - -36. What is the units digit of p?
3
Let a(c) = -c**3 - 7*c**2 - 6*c + 4. Suppose 4 + 8 = -2*d. Let m be a(d). Suppose 7 = m*r - 65. What is the units digit of r?
8
Let f = -68 - -277. Suppose -11*x + 1518 = f. What is the tens digit of x?
1
Suppose q + 2*q = -12. Let z be (1 - (-6)/q)*-28. Suppose 46 + z = 2*d. What is the tens digit of d?
3
Let s(x) = x**3 - 2*x**2 + x + 3. Let p be s(-4). Let l = p - -201. What is the hundreds digit of l?
1
Let n = 14 - 13. Suppose 5*j + 21 = 3*s, 5*s + 1 = -4*j - n. Let m = 7 + s. What is the units digit of m?
9
Let a(x) = x**3 - 15*x**2 + 2*x - 3 + 0*x**3 + 8. Let q be a(15). Suppose 3*h - 173 = -q. What is the tens digit of h?
4
Suppose 5*x + 212 = -8. Let s be 2/(-11) - 2120/x. What is the units digit of ((-9)/4)/((-3)/s)?
6
Let l = 180 + -91. Let g = l + 177. What is the units digit of g?
6
Let n(k) = -2*k**2 + 6*k + 3. Let z be n(5). Let p = z + 24. What is the units digit of p?
7
Suppose 4*s = -5*m - 152, 2*m + 2*s = 4*m + 68. Let l be (84/16)/((-6)/m). What is the units digit of (-9)/(-45) + l/10?
3
Let x be (-1)/(-3) + 5/3. What is the tens digit of 412/3 + x/3?
3
Let s = 97 + -89. What is the units digit of s?
8
Suppose 3*m + c - 5602 = -c, 4*c - 3732 = -2*m. What is the hundreds digit of m?
8
Let j(q) be the first derivative of -q - 1/2*q**2 + 1/4*q**4 + 1 + 0*q**3. What is the units digit of j(3)?
3
Suppose 0 = -797*f + 802*f - 6180. What is the thousands digit of f?
1
Let y(f) = 96*f - 161. What is the hundreds digit of y(8)?
6
What is the hundreds digit of (30 - -853)/((-3)/(-6))?
7
Let f(i) = -2*i**2 - i - 1. Let o be f(0). What is the tens digit of -11 + 7 - (o + -44)?
4
Let t(n) = -39*n - 4. Suppose -2*h = 4 - 0. Let q be t(h). Suppose -2*k - q = -4*k. What is the tens digit of k?
3
Let j = 10 - -60. Suppose -l + 6*l = j. What is the units digit of l*(4 + 8/(-14))?
8
What is the tens digit of (110/7 - 18/(-63))*13?
0
Let f(t) = 66*t**2 + 2*t - 72. What is the units digit of f(7)?
6
Let b(i) = i**2 + 4*i - 1. Let m be b(-5). Suppose 5*a + 3*h - h = 16, a + 10 = m*h. Suppose -85 = a*y - 7*y. What is the tens digit of y?
1
Suppose -2*n - 54 = -4*n. What is the tens digit of (-4)/(-1)*n/2?
5
Let f = 71 + 24. Suppose 3*p - f - 217 = 0. What is the units digit of p?
4
Suppose -26 = -4*m + 2*n, -m - 4*n - 10 = -2*m. Suppose -2*i + 5*w + 218 - 24 = 0, 0 = -4*w - 8. Suppose m*s - i = 2*s. What is the units digit of s?
3
Let i(u) = 37*u + 403. What is the hundreds digit of i(14)?
9
Let k(s) = 289*s + 486. What is the tens digit of k(7)?
0
Let l be (-57)/(-19) + (238 - 1). Suppose m + m = l. What is the tens digit of m?
2
Let b = -21 + 79. What is the hundreds digit of b*2 + (1 - 1) + -3?
1
Suppose 0 = -0*i - 3*i + 657. Suppose 5*x + 0*l = l + 580, -2*x + 3*l = -i. What is the tens digit of (1*2)/(13/x)?
1
Suppose -4 = 2*d - 3*d. Suppose 2*j - d*m - 206 = -3*m, -j + 3*m + 108 = 0. What is the tens digit of j?
0
Let n be 5 - (0 + -2 - -3). Suppose 96 = n*a + 4*c, 4*a - 3*c - 20 = 55. What is the tens digit of a?
2
Let d(g) be the second derivative of g**4/6 - 5*g**3/3 - g**2 - 6*g. What is the